mmon divisor of 49160 and 1676.
4
What is the highest common divisor of 232 and 38240038?
58
What is the greatest common divisor of 1140 and 11633320?
380
Calculate the greatest common divisor of 55596944 and 464.
464
Calculate the greatest common divisor of 759 and 1186639.
23
What is the highest common divisor of 8510 and 3286585?
115
Calculate the greatest common factor of 103817795 and 5.
5
Calculate the greatest common divisor of 12873134 and 7470.
166
What is the greatest common factor of 20280018 and 22?
22
What is the highest common divisor of 59630 and 465826?
178
What is the highest common factor of 1658706 and 378?
42
What is the greatest common divisor of 21885553 and 1266?
211
What is the highest common divisor of 18905 and 19190?
95
What is the greatest common divisor of 23220790 and 70?
10
What is the highest common divisor of 1716 and 1005664374?
858
Calculate the highest common factor of 2164150911 and 117.
39
What is the greatest common factor of 192907 and 11726?
143
Calculate the highest common factor of 4326516 and 108.
36
What is the greatest common divisor of 168 and 119742?
42
Calculate the greatest common factor of 785 and 248280.
5
What is the highest common divisor of 633 and 124896?
3
Calculate the highest common divisor of 8410 and 6241090.
290
Calculate the greatest common factor of 11922081 and 2.
1
What is the greatest common divisor of 384426416 and 46?
46
What is the highest common factor of 227653039 and 859?
859
Calculate the highest common divisor of 18319 and 183600869.
2617
Calculate the highest common factor of 11010 and 14530998.
2202
Calculate the highest common divisor of 61515108 and 467.
467
Calculate the highest common divisor of 74852856 and 61.
61
Calculate the greatest common divisor of 94650 and 12000.
150
What is the highest common factor of 1234584 and 30888?
936
Calculate the greatest common divisor of 282 and 984612.
6
What is the highest common factor of 550 and 15651570?
110
Calculate the greatest common divisor of 462104 and 3232.
8
Calculate the highest common factor of 744 and 409009722.
186
What is the highest common divisor of 932 and 8936482?
466
What is the highest common divisor of 16181613 and 906?
453
What is the highest common factor of 180 and 13437468?
36
What is the highest common factor of 358 and 144130263?
179
What is the highest common factor of 820 and 142895660?
820
Calculate the greatest common divisor of 1435 and 37421069.
287
Calculate the greatest common divisor of 4327731 and 118791.
603
Calculate the greatest common divisor of 455 and 6249320.
35
Calculate the greatest common divisor of 218050 and 5533486.
1246
Calculate the highest common divisor of 1769755 and 13585.
1235
Calculate the greatest common divisor of 12316850 and 97825.
2275
Calculate the highest common factor of 366376 and 5330.
82
Calculate the greatest common divisor of 673795 and 1275.
85
What is the greatest common factor of 87131625 and 18753?
399
Calculate the greatest common factor of 4824 and 2179098.
18
Calculate the highest common divisor of 1102 and 552938.
38
Calculate the highest common factor of 756 and 151035948.
756
What is the greatest common factor of 7721978 and 6171?
2057
What is the highest common factor of 235185426 and 819?
63
What is the highest common divisor of 5246 and 5504?
86
Calculate the highest common divisor of 257621 and 19423586.
1729
What is the highest common factor of 164204571 and 6998?
3499
Calculate the highest common factor of 117 and 80509.
13
What is the greatest common factor of 162 and 72717669?
81
Calculate the highest common factor of 73962 and 21417.
3
What is the highest common divisor of 3534975 and 93150?
675
Calculate the highest common divisor of 1835982 and 180.
18
Calculate the highest common divisor of 1018877 and 17825.
713
Calculate the greatest common divisor of 91392640 and 61.
61
Calculate the highest common divisor of 101586 and 1761.
3
Calculate the highest common factor of 1406776 and 616.
56
What is the greatest common divisor of 6807866 and 8294?
754
What is the highest common factor of 180 and 1728990?
90
What is the highest common factor of 2314 and 51680876?
2314
Calculate the highest common factor of 22376 and 568845469.
2797
What is the greatest common factor of 8 and 1972028?
4
What is the greatest common divisor of 82287901 and 79?
79
What is the greatest common factor of 19607936 and 17408?
2176
What is the greatest common divisor of 1280637 and 2187?
27
Calculate the greatest common divisor of 2254 and 2412838.
46
What is the greatest common divisor of 1434695 and 6880?
215
What is the highest common divisor of 84981 and 14235?
39
What is the highest common divisor of 6 and 255566118?
6
What is the highest common divisor of 22833 and 24413551?
2537
What is the highest common factor of 9984 and 182494?
26
Calculate the highest common divisor of 12 and 27353460.
12
Calculate the greatest common divisor of 942 and 5817949.
157
Calculate the greatest common divisor of 12552796 and 263816.
2692
What is the highest common divisor of 244 and 143376?
4
Calculate the highest common divisor of 9828131 and 14383.
757
What is the greatest common divisor of 243904 and 604816?
1648
Calculate the highest common factor of 9514 and 1157090.
134
What is the greatest common factor of 14 and 255454822?
14
What is the greatest common divisor of 44 and 29555614?
22
What is the highest common factor of 872 and 12075892?
436
Calculate the greatest common factor of 154 and 74399479.
77
What is the greatest common divisor of 1962 and 1325113?
109
Calculate the highest common divisor of 18 and 2934342.
18
Calculate the greatest common factor of 35438 and 33332.
26
What is the highest common divisor of 1645 and 2961987?
329
Calculate the greatest common factor of 1212 and 119364.
12
Calculate the greatest common factor of 237463592 and 8.
8
What is the greatest common divisor of 52398 and 136655262?
1278
Calculate the greatest common divisor of 9892489 and 597.
199
Calculate the greatest common divisor of 185 and 2918671.
37
What is the greatest common factor of 5982 and 16926069?
2991
Calculate the greatest common divisor of 47340 and 38850.
30
What is the greatest common factor of 5072 and 353728?
16
What is the greatest common factor of 7808 and 13860176?
976
What is the highest common divisor of 431499770 and 1?
1
What is the highest common factor of 444096 and 816?
48
Calculate the greatest common divisor of 2160 and 7550307.
27
Calculate the highest common divisor of 346629 and 39498.
681
What is the greatest common factor of 96324 and 3210156?
276
What is the highest common divisor of 66305104 and 64?
16
What is the highest common factor of 622687 and 91?
13
Calculate the highest common divisor of 55476 and 1256652.
2412
What is the highest common factor of 39128118 and 374?
34
Calculate the greatest common divisor of 114476528 and 128.
16
What is the highest common factor of 1237515 and 2484?
69
What is the greatest common factor of 220320 and 7250160?
4080
Calculate the highest common divisor of 11 and 28606171.
11
Calculate the highest common factor of 7 and 5844426.
7
Calculate the greatest common divisor of 84463106 and 3094.
3094
Calculate the greatest common factor of 58857 and 37329.
69
Calculate the greatest common factor of 14485058 and 63.
7
What is the greatest common factor of 23246172 and 351?
9
What is the greatest common divisor of 2864136 and 11286?
1254
Calculate the highest common factor of 1884288 and 83328.
2688
Calculate the greatest common divisor of 828 and 5862148.
92
Calculate the greatest common factor of 19249176 and 24.
24
What is the greatest common factor of 3648976 and 176?
16
Calculate the highest common divisor of 12317440 and 1024.
256
What is the highest common divisor of 55 and 6847270?
5
Calculate the greatest common factor of 12069067 and 158.
79
Calculate the highest common factor of 6074310 and 19800.
330
Calculate the highest common factor of 11800 and 132268560.
2360
Calculate the highest common factor of 1880 and 217490620.
940
Calculate the highest common factor of 4 and 1546208.
4
Calculate the greatest common factor of 112952880 and 90.
90
Calculate the highest common divisor of 420900273 and 